ors of 872.
2, 109
List the prime factors of 463.
463
What are the prime factors of 1056?
2, 3, 11
What are the prime factors of 1718?
2, 859
What are the prime factors of 6613?
17, 389
List the prime factors of 2484.
2, 3, 23
List the prime factors of 89773.
107, 839
What are the prime factors of 47177?
13, 19, 191
What are the prime factors of 3426?
2, 3, 571
What are the prime factors of 129?
3, 43
What are the prime factors of 3648?
2, 3, 19
List the prime factors of 10468.
2, 2617
What are the prime factors of 4491?
3, 499
List the prime factors of 13778.
2, 83
List the prime factors of 316.
2, 79
List the prime factors of 1536.
2, 3
What are the prime factors of 4480?
2, 5, 7
What are the prime factors of 16456?
2, 11, 17
List the prime factors of 18146.
2, 43, 211
What are the prime factors of 3897?
3, 433
What are the prime factors of 28804?
2, 19, 379
List the prime factors of 77440.
2, 5, 11
List the prime factors of 1835.
5, 367
What are the prime factors of 287?
7, 41
What are the prime factors of 6240?
2, 3, 5, 13
What are the prime factors of 286?
2, 11, 13
List the prime factors of 177.
3, 59
List the prime factors of 152.
2, 19
List the prime factors of 13656.
2, 3, 569
List the prime factors of 28301.
7, 13, 311
List the prime factors of 1046.
2, 523
What are the prime factors of 42879?
3, 14293
List the prime factors of 2757.
3, 919
List the prime factors of 55414.
2, 103, 269
List the prime factors of 13536.
2, 3, 47
What are the prime factors of 198?
2, 3, 11
What are the prime factors of 2901?
3, 967
What are the prime factors of 32455?
5, 6491
List the prime factors of 16778.
2, 8389
What are the prime factors of 1088?
2, 17
List the prime factors of 9198.
2, 3, 7, 73
What are the prime factors of 2898?
2, 3, 7, 23
What are the prime factors of 15103?
11, 1373
What are the prime factors of 171?
3, 19
List the prime factors of 122372.
2, 30593
List the prime factors of 156195.
3, 5, 13, 89
List the prime factors of 6356.
2, 7, 227
List the prime factors of 2571.
3, 857
List the prime factors of 8657.
11, 787
List the prime factors of 10870.
2, 5, 1087
What are the prime factors of 3446?
2, 1723
List the prime factors of 5523.
3, 7, 263
What are the prime factors of 1165?
5, 233
What are the prime factors of 37164?
2, 3, 19, 163
List the prime factors of 693.
3, 7, 11
List the prime factors of 188980.
2, 5, 11, 859
What are the prime factors of 563?
563
List the prime factors of 90979.
7, 41, 317
What are the prime factors of 56?
2, 7
What are the prime factors of 65285?
5, 11, 1187
List the prime factors of 151428.
2, 3, 12619
List the prime factors of 18483.
3, 61, 101
What are the prime factors of 2606?
2, 1303
List the prime factors of 17717.
7, 2531
What are the prime factors of 481?
13, 37
What are the prime factors of 92961?
3, 11, 313
What are the prime factors of 38948?
2, 7, 13, 107
What are the prime factors of 4195?
5, 839
List the prime factors of 28169.
17, 1657
What are the prime factors of 2590?
2, 5, 7, 37
What are the prime factors of 10661?
7, 1523
List the prime factors of 82562.
2, 41281
List the prime factors of 330.
2, 3, 5, 11
List the prime factors of 23282.
2, 7, 1663
List the prime factors of 1569.
3, 523
What are the prime factors of 1129?
1129
List the prime factors of 71565.
3, 5, 13, 367
What are the prime factors of 897?
3, 13, 23
What are the prime factors of 8971?
8971
What are the prime factors of 8750?
2, 5, 7
What are the prime factors of 4537?
13, 349
What are the prime factors of 774?
2, 3, 43
List the prime factors of 164825.
5, 19, 347
List the prime factors of 1222.
2, 13, 47
What are the prime factors of 1467?
3, 163
What are the prime factors of 34282?
2, 61, 281
What are the prime factors of 22578?
2, 3, 53, 71
List the prime factors of 3612.
2, 3, 7, 43
List the prime factors of 269.
269
What are the prime factors of 1659?
3, 7, 79
What are the prime factors of 14916?
2, 3, 11, 113
What are the prime factors of 2614?
2, 1307
List the prime factors of 261.
3, 29
List the prime factors of 1304.
2, 163
List the prime factors of 1333.
31, 43
List the prime factors of 3245.
5, 11, 59
What are the prime factors of 14435?
5, 2887
What are the prime factors of 90163?
90163
What are the prime factors of 20277?
3, 751
List the prime factors of 8502.
2, 3, 13, 109
List the prime factors of 4942.
2, 7, 353
List the prime factors of 3073.
7, 439
List the prime factors of 19134.
2, 3, 1063
List the prime factors of 13689.
3, 13
What are the prime factors of 19164?
2, 3, 1597
What are the prime factors of 980?
2, 5, 7
What are the prime factors of 78655?
5, 15731
What are the prime factors of 127285?
5, 25457
What are the prime factors of 3418?
2, 1709
List the prime factors of 90989.
90989
What are the prime factors of 80522?
2, 13, 19, 163
List the prime factors of 6268.
2, 1567
What are the prime factors of 126197?
97, 1301
List the prime factors of 1463.
7, 11, 19
What are the prime factors of 62499?
3, 83, 251
What are the prime factors of 43927?
13, 31, 109
What are the prime factors of 3002?
2, 19, 79
What are the prime factors of 4053?
3, 7, 193
List the prime factors of 78328.
2, 9791
List the prime factors of 58659.
3, 19553
What are the prime factors of 2162?
2, 23, 47
List the prime factors of 1755.
3, 5, 13
What are the prime factors of 31341?
3, 31, 337
List the prime factors of 4371.
3, 31, 47
List the prime factors of 20513.
73, 281
What are the prime factors of 28018?
2, 14009
What are the prime factors of 2743?
13, 211
What are the prime factors of 2724?
2, 3, 227
List the prime factors of 807.
3, 269
What are the prime factors of 5293?
67, 79
List the prime factors of 2736.
2, 3, 19
What are the prime factors of 44?
2, 11
What are the prime factors of 13274?
2, 6637
List the prime factors of 274.
2, 137
List the prime factors of 572.
2, 11, 13
List the prime factors of 67468.
2, 101, 167
What are the prime factors of 138166?
2, 7, 71, 139
List the prime factors of 2503.
2503
List the prime factors of 6244.
2, 7, 223
What are the prime factors of 2339?
2339
What are the prime factors of 43467?
3, 14489
What are the prime factors of 2556?
2, 3, 71
What are the prime factors of 1236?
2, 3, 103
What are the prime factors of 3667?
19, 193
What are the prime factors of 115?
5, 23
List the prime factors of 338.
2, 13
What are the prime factors of 2713?
2713
What are the prime factors of 10539?
3, 1171
What are the prime factors of 746?
2, 373
What are the prime factors of 2003?
2003
What are the prime factors of 933?
3, 311
What are the prime factors of 10828?
2, 2707
What are the prime factors of 3908?
2, 977
List the prime factors of 228.
2, 3, 19
What are the prime factors of 8274?
2, 3, 7, 197
What are the prime factors of 1613?
1613
List the prime factors of 5666.
2, 2833
What are the prime factors of 21498?
2, 3, 3583
What are the prime factors of 20680?
2, 5, 11, 47
What are the prime factors of 2151?
3, 239
What are the prime factors of 98657?
13, 7589
What are the prime factors of 2757?
3, 919
List the prime factors of 27376.
2, 29, 59
List the prime factors of 23857.
23857
List the prime factors of 18810.
2, 3, 5, 11, 19
List the prime factors of 11140.
2, 5, 557
What are the prime factors of 110919?
3, 36973
List the prime factors of 1110.
2, 3, 5, 37
What are the prime factors of 33712?
2, 7, 43
List the prime factors of 3466.
2, 1733
What are the prime factors of 4468?
2, 1117
What are the prime factors of 6264?
2, 3, 29
List the prime factors of 795.
3, 5, 53
What are the prime factors of 2466?
2, 3, 137
What are the prime factors of 517?
11, 47
List the prime factors of 184442.
2, 92221
List the prime factors of 142293.
3, 47431
What are the prime factors of 1448?
2, 181
List the prime factors of 2027.
2027
List the prime factors of 2105.
5, 421
What are the prime factors of 1414?
2, 7, 101
What are the prime factors of 4244?
2, 1061
What are the prime factors of 1006?
2, 503
What are the prime factors of 30950?
2, 5, 619
What are the prime factors of 6237?
3, 7, 11
What are the prime factors of 54166?
2, 7, 53, 73
List the prime factors of 23136.
2, 3, 241
What are the prime factors of 116680?
2, 5, 2917
List the prime factors of 814.
2, 11, 37
List the prime f